{"id":5445,"date":"2019-06-07T11:50:17","date_gmt":"2019-06-07T09:50:17","guid":{"rendered":"https:\/\/www.le-strasbourg.fr\/?post_type=product&#038;p=5445"},"modified":"2025-06-04T19:48:44","modified_gmt":"2025-06-04T17:48:44","slug":"menu-marche","status":"publish","type":"product","link":"https:\/\/www.le-strasbourg.fr\/fr\/produit\/menu-marche\/","title":{"rendered":"Menu March\u00e9 (pour 2 pers.)"},"content":{"rendered":"","protected":false},"excerpt":{"rendered":"<div id=\"product-description-short-11\">\n<p>Menu du March\u00e9 pour 2 personnes &#8211; 3 assiettes<\/p>\n<p>Exclusivement compos\u00e9 de produits du march\u00e9 et de saison<\/p>\n<p>Forfait boissons compris: un ap\u00e9ritif, deux verres de vin (10cl), eau, caf\u00e9<\/p>\n<p>hors samedi soir et dimanche midi<\/p>\n<p>Valable hors jours f\u00e9ri\u00e9s et jours de f\u00eate, hors samedi soir et dimanche midi<\/p>\n<p>Le pr\u00e9sent bon cadeau vous sera envoy\u00e9 par courrier<\/p>\n<\/div>\n","protected":false},"featured_media":14207,"template":"","meta":[],"_links":{"self":[{"href":"https:\/\/www.le-strasbourg.fr\/fr\/wp-json\/wp\/v2\/product\/5445"}],"collection":[{"href":"https:\/\/www.le-strasbourg.fr\/fr\/wp-json\/wp\/v2\/product"}],"about":[{"href":"https:\/\/www.le-strasbourg.fr\/fr\/wp-json\/wp\/v2\/types\/product"}],"wp:featuredmedia":[{"embeddable":true,"href":"https:\/\/www.le-strasbourg.fr\/fr\/wp-json\/wp\/v2\/media\/14207"}],"wp:attachment":[{"href":"https:\/\/www.le-strasbourg.fr\/fr\/wp-json\/wp\/v2\/media?parent=5445"}],"curies":[{"name":"wp","href":"https:\/\/api.w.org\/{rel}","templated":true}]}}

Menu Marché (pour 2 pers.)

<div id="product-description-short-11">
<p>Menu du Marché pour 2 personnes &#8211; 3 assiettes</p>
<p>Exclusivement composé de produits du marché et de saison</p>
<p>Forfait boissons compris: un apéritif, deux verres de vin (10cl), eau, café</p>
<p>hors samedi soir et dimanche midi</p>
<p>Valable hors jours fériés et jours de fête, hors samedi soir et dimanche midi</p>
<p>Le présent bon cadeau vous sera envoyé par courrier</p>
</div>
